of z(-4)?
2
Let d(n) = -n**3 + 8*n**2 - 4*n + 1. What is the tens digit of d(3)?
3
Let s(n) = n**3 + 5*n**2 - 9*n - 9. Let z(k) = k**3 - 6*k**2 + 4*k - 3. Let a be z(5). Let f = 2 + a. What is the units digit of s(f)?
9
Suppose -5*z + 16 = 2*k, 2*k - 40 = -3*k + 5*z. Let d(t) = -t**2 + 7*t + 7. Let q be d(k). What is the units digit of q/(-1) - 6/(-2)?
4
Suppose 2*y = -3*q - 11, 4*q - 7 + 19 = -2*y. Let p = q - 0. Let c = p - -10. What is the units digit of c?
9
Suppose a - w = 4*a - 100, 0 = 4*a + 2*w - 132. Suppose -3*y + a = 7. What is the units digit of y?
9
Let c(t) = -t**3 - 8*t**2 + 11*t + 8. Let f be c(-9). What is the units digit of -8 - f - -1*7?
9
Let o(a) = -a**2 - 8*a + 9. Let f be (-4 - -2) + 2 + 8. Suppose -r = -2*r - f. What is the units digit of o(r)?
9
Suppose 102 + 39 = y. What is the units digit of y?
1
Suppose 118 = w + 36. What is the tens digit of w?
8
Suppose -8*y = -5*y - 57. What is the units digit of y?
9
Let k be (-4 + 1)*8/(-3). Let f = -3 - -3. Suppose -k = -j - f*j. What is the units digit of j?
8
Let y(z) = -31*z**3 - z**2 + z + 1. Let a(f) = -f**2 - f + 1. Let m be a(-2). What is the units digit of y(m)?
0
Suppose -5*n = -3*y - 0 + 5, 2*y = -5*n + 20. Suppose -5 = y*w + 5*o + 5, 18 = 3*w - 3*o. What is the units digit of -1 + 0 + w + 0?
1
Let t(x) = -x**2 - 10*x - 4. Let s be t(-10). What is the units digit of 42 + 16/4 + s?
2
Suppose -3*m = 2*z - 160 - 171, 3*m - 3*z = 336. What is the units digit of m?
1
Suppose 10*t + 20 = 15*t. What is the units digit of t?
4
What is the units digit of (-1 + (-33)/(-9))/((-4)/(-132))?
8
Let z(y) = -7*y**3 + 18*y**2 - 23*y + 1. Let v(a) = -10*a**3 + 27*a**2 - 34*a + 1. Let i(q) = -5*v(q) + 7*z(q). What is the tens digit of i(8)?
1
Let x = 25 + 15. What is the units digit of x?
0
Let u = -97 - -201. What is the hundreds digit of u?
1
Suppose 0 = -3*i - 5*j + 27, 2*i - 4*j = -3*i + 8. Suppose -5 = -i*b + a + 1, 5*a + 15 = 5*b. Suppose 4*m = -b + 41. What is the tens digit of m?
1
Let z(x) be the second derivative of x + 1/12*x**4 + 0 - 1/2*x**3 + 5/2*x**2. What is the units digit of z(4)?
9
Suppose -31 = -4*n + 461. What is the tens digit of n?
2
Let s(x) = x**3 + 4*x**2 + 2*x. Let k be s(-3). Let t = -3 + 5. Suppose t*q = -3*q + 2*l + 18, 14 = k*q + 2*l. What is the units digit of q?
4
Suppose -54 = -0*t - 2*t. What is the units digit of t/2 - (-3)/(-6)?
3
Let v(j) = j**3 + 9*j**2 + 2*j + 5. Let u be v(-9). Let i = u - -40. What is the tens digit of i?
2
Suppose -21 = -3*j + q - 6*q, 25 = 5*j + 5*q. What is the units digit of (10/(-6))/(j/(-36))?
0
Let d(a) = a**2 + a. Let l be d(-2). Let b be (-10)/(-15) - l/(-6). Suppose -x - b + 21 = o, 5 = o. What is the units digit of x?
5
Let b = -8 + 14. Let w be 51/b + (-9)/6. Suppose w*p - 2*p - 50 = 0. What is the tens digit of p?
1
Let x(y) = -y**3 - 2*y**2 + 3*y - 1. Let p be x(-3). What is the units digit of 0 + 2*p/(-1)?
2
Suppose b + 0*b = 3. Suppose r = -b*c + 40 - 16, 5*c - 40 = 4*r. What is the units digit of c?
8
Let y(r) be the second derivative of -1/20*r**5 + 1/2*r**4 + 0 + 0*r**2 - 2/3*r**3 + r. What is the units digit of y(5)?
5
Let b(q) = q + 1. Let o(v) = v**2 - 6*v + 26. Let c(p) = 6*b(p) + o(p). What is the units digit of c(0)?
2
What is the hundreds digit of (8/32)/(1/932)*1?
2
Let t(v) = 4*v - 1. Let j be t(1). Let d be 1 - j*2/(-3). What is the tens digit of (d - (4 - -2))*-5?
1
Let s(d) be the second derivative of d**5/20 + 7*d**4/12 - 4*d**3/3 - d**2 + d. Let y be s(-8). What is the units digit of 106/12 + y/(-12)?
9
What is the units digit of (24/10 - 2)/(4/1360)?
6
Suppose 8*w = 6*w + 46. What is the tens digit of w?
2
Let u(n) = -2*n**3 + 6*n**2 - n + 3. Let j be u(4). What is the units digit of (8/6)/((-2)/j)?
2
Let w = -5 + 3. Suppose -5*p + 1 = h - 8, 0 = 2*p + 2*h - 10. What is the units digit of -2 + 10 + p*w?
6
Suppose 0 = -5*l + 5. Let w be 484/8 + l/(-2). Let p = w - 38. What is the tens digit of p?
2
Let p = -12 - -68. What is the units digit of p?
6
Suppose -5*a - 2 + 12 = 0. Let t(o) = -o**3 + 3*o**2 - 2*o + 3. What is the units digit of t(a)?
3
Let j(q) = 3*q. Let i be j(1). Suppose 2*k + 17 = i*v - 3, 0 = k - 2. What is the units digit of v?
8
Let u be ((-6)/(-1))/(10/5). Let z = -8 + u. Let q = z + 8. What is the units digit of q?
3
Let k = 119 + -60. What is the tens digit of k?
5
Let l be (-3 - -8) + (1 - 0). Let z(d) = -d + 8. Let x be z(l). Suppose 3 = 5*o - x. What is the units digit of o?
1
Let v = 5 + -5. Let p(b) = -b**2 - b + 6. Let o be p(v). Suppose -o = -z - 3. What is the units digit of z?
3
Let x(l) be the first derivative of 3 + 4*l - 3/2*l**2. What is the tens digit of x(-5)?
1
Let b(n) = n**3 - 10*n**2 + 11*n + 2. Let u = -4 - -13. What is the tens digit of b(u)?
2
Let q(g) = 10*g - g**2 - 1 - 7*g**2 - 3*g**3 + 4*g**3. What is the tens digit of q(7)?
2
Suppose -4*k = -k. Suppose 2*t - 4 + 0 = k. What is the units digit of t?
2
Let w = 15 - 15. Suppose -a + 16 + 16 = 3*n, 3*a = -5*n + 48. Suppose 2*z - n = -w*z. What is the units digit of z?
6
Suppose -5*d = -4*o - 0*d + 383, -5*o = 5*d - 445. What is the tens digit of o?
9
Suppose 4*t = z - 1, -2 = -z - z - 5*t. Suppose 2*m + z = 9. What is the units digit of m?
4
Suppose d = -5*g + 355, 71 = g + 3*d - 7*d. What is the tens digit of g?
7
Let o = 5 - 3. Let t = 3 - 4. What is the units digit of ((-1)/t)/(1/o)?
2
Suppose -4*c - c + 5 = 0. Let w(y) = -4*y**3 - y + 1. Let u be w(c). What is the units digit of u/6 - (-23)/3?
7
Let t = -33 + 47. What is the tens digit of t?
1
Suppose -l + 2*x - 6 = -0*l, 3*l = 3*x - 15. Let j = 11 - l. What is the tens digit of j?
1
Let b(k) = 4*k**2 - 5*k - 10. What is the tens digit of b(-6)?
6
Suppose 2*j + 18 - 96 = 0. What is the units digit of j?
9
Suppose 6 = 2*s - 16. Suppose c - s = -2. Suppose 2*m = 3*m - c. What is the units digit of m?
9
Suppose u + 9 = -0*u + 3*l, -8 = 4*u - 5*l. Suppose r - 20 = -m, -u*r + 3*m = -0*m - 48. What is the tens digit of r?
1
Let n(y) = y**3 + 5*y**2 - 8*y - 4. What is the units digit of n(-6)?
8
Suppose -j + 46 = 4*o - 0*o, -3*j + 116 = o. What is the tens digit of j?
3
Suppose -4 = n + 3*n. Let g = 2 - n. What is the units digit of g?
3
Suppose -3*b + w - 17 = 0, -5*b + 6*w - 15 = w. Let p = -5 - b. Let v(h) = 3*h - 2. What is the units digit of v(p)?
4
Let v(n) = n**2 - 10*n + 11. Let t be v(9). Suppose x = -t*x + 6. What is the units digit of x?
2
Suppose 0 = -l + 3*v + 14, -5*l + v + 86 = 2*v. Let m = l - 12. What is the units digit of m?
5
Let z = 797 + -506. What is the tens digit of z?
9
Let a(b) = -b + 16. Let q be a(12). Suppose -q*f + 8 = 2*c, -4 = -3*f + 2*c + 16. Suppose -y + 2*y - k = 10, k + 28 = f*y. What is the units digit of y?
6
Let b = -165 - -362. What is the hundreds digit of b?
1
Suppose -s + 4*s = 81. Suppose 0 = 29*l - s*l - 98. What is the units digit of l?
9
Let r(o) = -o + 6. Let g(m) = m - 5. Let a(c) = 4*g(c) + 5*r(c). Let l be a(7). Suppose -y + 3*q = -q + 1, 4*q = -l*y + 29. What is the units digit of y?
7
Let c be 3*(0 - (-6)/9). Let k(i) = 7*i - 5. Let f(v) = 8*v - 6. Let h(r) = -3*f(r) + 4*k(r). What is the units digit of h(c)?
6
Let r be (-6)/(-4)*8/6. Suppose -6 = -3*c + 4*g - r, c - 6 = -g. Let k = 2 + c. What is the units digit of k?
6
Suppose 3*t = 29 + 19. What is the units digit of t?
6
Let b(h) = -h**3 + 12*h**2 - 9*h - 8. Let x be b(11). Let y = x - 10. What is the units digit of y?
4
Let c(u) = u**2 + u - 4. What is the units digit of c(-5)?
6
Suppose g = -3*p - 59 + 16, -100 = 5*p - 4*g. Let l = p - -29. Suppose 3*f - l = 8. What is the units digit of f?
7
Let j = 1 + 4. Suppose -j*r + k + 73 = 0, 3*r - 45 = k - 0*k. What is the units digit of r?
4
What is the tens digit of 2/(-6) + (-88)/(-3)?
2
What is the tens digit of (-563)/(-4) - (-3)/12*1?
4
Suppose -2*h - 83 = -k, -3*k + 0*h = 4*h - 199. What is the units digit of k?
3
Let u(k) = -k**3 + 4*k**2 + 4*k - 1. Let g be u(5). Let i be ((-3)/g)/((-3)/12). What is the tens digit of (-155)/(-15) - i/(-6)?
1
Let p = 1 - 7. Let s = p + 16. What is the tens digit of s?
1
Let z be 0 + 4/(3/(-3)). Let b be 5/((-15)/6) - z. Let w = b - 0. What is the units digit of w?
2
Let u(k) = -k**2 + 5*k + 5. Let i be u(7). Let q = i - -15. Suppose 0 = 4*z - q*z + 8. What is t